y + 33. Let m be q(19). Calculate the highest common factor of m and 11.
11
Suppose 0 = 3*c - 81 - 9. What is the highest common factor of c and 6?
6
Let n be (456/15)/(1/10). Suppose r - 2*r = 5*f - n, -3*f + 4*r + 164 = 0. Calculate the greatest common divisor of 10 and f.
10
Let x = -12 - 3. Let h = x + 8. Let t be 2 - h - (-2)/(-2). Calculate the highest common factor of t and 12.
4
Suppose 0 = y + 5*h + 23, 0 = 4*y - 3*h + 11 - 34. Let o be 10*(1/1)/(-1). Let a = o - -20. What is the highest common divisor of a and y?
2
Let j = 22 + -12. Let d = 10 + -6. Suppose -d*f + f + 12 = 0. What is the greatest common divisor of j and f?
2
Suppose 0 = 3*q - 6*q + 264. Let p be (-19)/(-1) + 2 + 0. Suppose 5*f = p + 34. What is the greatest common divisor of q and f?
11
Let c(d) = -d**2 - 2*d. Let y be 7/(-4) + (-3)/12. Let s be c(y). Let a be s - (1 + -7*1). Calculate the highest common divisor of 3 and a.
3
Let l(v) = -v**3 + v**2 + v + 2. Let z be l(0). Let a = -7 - -15. What is the highest common factor of z and a?
2
Let i be -20*-2*2/8. Suppose 0 = -4*y + 7 - 19. Let f(l) = 11*l**2 + 4*l + 3. Let r be f(y). Calculate the highest common divisor of i and r.
10
Let m = 78 - -36. What is the highest common divisor of 6 and m?
6
Suppose -4*b + 2*s + 56 = 5*s, 4*b - 56 = s. Calculate the highest common divisor of 2 and b.
2
Let v(w) = w**3 - 4*w**2 + 3*w. Let u be v(4). What is the highest common divisor of u and 48?
12
Let n be (39/33 - 4/22)*12. Calculate the highest common divisor of n and 96.
12
Suppose -d + 3*w = -3*d + 67, -173 = -5*d - 2*w. Calculate the highest common divisor of d and 35.
35
Suppose -r - 2*r + 76 = 2*n, -4*r = 4*n - 104. Let k be 1/(-2) - (-511)/14. Calculate the greatest common divisor of r and k.
12
Suppose -3*x + 2*w = -10, -w - 8 = -3*x - 0*x. Let g be (0/3 + x)*1. Let l be (0 - g/3)*-12. Calculate the greatest common factor of 64 and l.
8
Suppose -2*x + x = -8. Calculate the highest common factor of x and 12.
4
Let v = -61 + 728. Suppose 0 = -3*m - 3, -2*q - 2*q - 5*m = -v. Calculate the highest common divisor of q and 21.
21
Suppose 0 = -5*l + 32 - 2. What is the highest common divisor of l and 3?
3
Let j = -1 + 2. Let y be (-36)/(j + -1 + -1). Let f = y + -24. What is the greatest common divisor of f and 108?
12
Let s = 3 - 7. Let d(f) = -f**3 - 4*f**2 - f. Let i be d(s). Calculate the highest common factor of 36 and i.
4
Let g = -42 - -56. What is the highest common factor of 112 and g?
14
Suppose -19 + 1 = 3*o. Let s be (8/(-6))/(4/o). Suppose c = 2*z - z - 14, -2*c = -3*z + 42. Calculate the highest common factor of s and z.
2
Let r(y) = y**2 + 8*y + 2. Let u be r(-8). Suppose -5*f + u*n = -n - 54, 2*n - 4 = 0. What is the greatest common divisor of f and 3?
3
Suppose 5*l = 4*l + 35. Let x be 14*2 - (-2)/(-2). Suppose -x = -o - 0*m + 4*m, 10 = -2*m. Calculate the highest common divisor of l and o.
7
Suppose 2*m - 94 = -10*z + 5*z, 0 = 2*z + 3*m - 31. Let d be (1 + -13)*10/(-4). What is the greatest common factor of z and d?
10
Let m be -1 - (3/(-1) + 4). Let i be m/((-7)/((-3213)/(-6))). What is the greatest common factor of 17 and i?
17
Let s(r) = -9*r - 11. Let l be s(-9). What is the highest common factor of 14 and l?
14
Let l(s) = -s + 5. Let y = 8 + -3. Let v be l(y). Suppose 12 = 2*i - v*i. Calculate the greatest common divisor of 6 and i.
6
Let k = -74 - -28. Let f = 65 + k. Calculate the greatest common factor of f and 76.
19
Suppose -56 = -4*c - y, -9 = -c + 2*y + 5. Suppose a - 2*a = -c. What is the highest common factor of 98 and a?
14
Let o(v) = 2*v**2 - v - 1. Let j be o(-1). Let f be (0 - -1)/1 + -1. Suppose -j*t + f*t + 20 = 0. What is the highest common divisor of t and 40?
10
Let s = 30 - -40. Suppose -5*j = 5*p - 78 + 433, 4*p + 71 = -j. Let b = 99 + j. Calculate the greatest common divisor of b and s.
14
Let i be (0 - -15) + (1 - 1). Suppose -u + i = 2*u. What is the highest common factor of 40 and u?
5
Suppose -8*i + 7 = -17. Calculate the highest common divisor of i and 12.
3
Suppose -x + 3*o - 45 = -6*x, -3*o + 9 = -x. Suppose 0 = -g - 2 + x. Suppose -20 = -g*r + 68. Calculate the highest common factor of 132 and r.
22
Suppose -17*h + 129 + 41 = 0. Suppose -5*f - 8 = -4*o - 0*f, 3*o - 6 = 3*f. Calculate the greatest common factor of o and h.
2
Suppose -3*x - 22 = -5*c + 132, x - 34 = -c. Calculate the greatest common divisor of c and 48.
16
Let b(g) = 16*g - 4. Let w be b(3). Suppose 7 + 0 = t. Suppose -3*j = y - t, -28 + 5 = -5*y - 3*j. What is the highest common divisor of y and w?
4
Let k = 4 - -10. What is the greatest common divisor of k and 56?
14
Let w be 0 + 3 + 0 - 11. Let l be 10/(-3)*12/w. Suppose -32 + 7 = -c. Calculate the greatest common factor of c and l.
5
Let t be (1 + 2)*2/6. Let o be t/(1 - (-5)/(-6)). Let q = 25 - 13. What is the greatest common factor of q and o?
6
Suppose -2*i - 2*i - 20 = 0. Let d(t) = -2*t - 4. Let v be d(i). Suppose 4*m - 189 - 75 = 0. What is the greatest common factor of v and m?
6
Let n be 5/(-1)*16/(-10). Suppose -2*v - 145 = -5*k, -2*k - 2*v = k - 71. Suppose -4*s = -5 - k. What is the highest common factor of n and s?
8
Suppose y - 3*b = 2, 4*y + 3*b - 8 = -0*y. Suppose -y*j + 6 = -j. What is the greatest common factor of j and 18?
6
Let x(v) = 8*v - 2. Let i be x(-4). Let h = 70 + i. Calculate the greatest common factor of h and 9.
9
Let r = 366 - 165. Let t = r + -129. What is the highest common factor of t and 8?
8
Let j be 1 + (-1 + 28)/1. Let z = j - 14. What is the greatest common divisor of z and 56?
14
Let x be (-120)/(-3) - (1 + -1). Let w be x + (2 - 0) + 2. Let a(y) = y**2 + 8*y - 9. Let p be a(-10). What is the greatest common divisor of p and w?
11
Let c(u) = -u**3 - 7*u**2 - 6*u. Let f be c(-6). Suppose 15 = -5*a, 5*p - a + 0*a - 43 = f. Calculate the greatest common factor of 24 and p.
8
Suppose 0 = 3*x + x - 24. Suppose -2*a + 64 = -4*f - x*a, -5*a = -f - 40. Let n be (-795)/f - 1/(-4). Calculate the highest common divisor of n and 8.
8
Suppose k - h = 15, 3 = -4*k + 3*k - 5*h. Let i = -16 + 34. Calculate the greatest common factor of i and k.
6
Let p be (-2*(-2 + 0))/((-3)/(-102)). Calculate the greatest common factor of p and 34.
34
Suppose -3*z + 385 = -623. Suppose 4*c + z = 5*n, c - 60 = -2*n + n. What is the greatest common factor of 8 and n?
8
Let o = -15 - -7. Let u(z) = -z**2 - 7*z + 15. Let f be u(o). Let x = -49 + 112. Calculate the highest common divisor of x and f.
7
Let t = 180 + -161. Calculate the greatest common factor of 1 and t.
1
Suppose -7 = -3*p + 2. Suppose p*v - z - 95 = 0, 0*v - 3*v - 2*z + 80 = 0. Suppose 0 = -o - 3 + 15. What is the highest common divisor of o and v?
6
Let h = 7 + -4. Suppose -2*i - 3*m + 92 = 0, 5*i + 2*m - h*m = 230. Calculate the greatest common divisor of i and 69.
23
Let t(w) = w + 2. Let x be t(-5). Let l be 2/(-3) - 155/x. Let q = -1 + l. What is the highest common factor of 20 and q?
10
Let r = -26 + 43. What is the greatest common factor of 136 and r?
17
Let y(a) = a**2 - 9*a + 4. Let m be y(9). Suppose -m*p + 143 = -37. Let z be (2 - 11)/(2/(-4)). What is the greatest common factor of p and z?
9
Let p be 0 + 1 + -5 + 27. Let l be (p + 1)*(-1 - -2). What is the greatest common factor of 6 and l?
6
Let p(l) = l**2 + 5*l + 4. Suppose 0*y = -2*y - 12. Let q be p(y). What is the highest common divisor of 30 and q?
10
Suppose 0 = 5*v + 3 - 43. What is the greatest common factor of 24 and v?
8
Suppose q = 2*q - 2. Suppose -10 = -2*d - 3*t, -d - 7*t + 5 = -2*t. Suppose d*p + 12 = 52. What is the greatest common divisor of q and p?
2
Let d be 2/4 + (-5)/(-2). Suppose -3*m = m - 5*p - 135, -d*m + 108 = 3*p. What is the greatest common factor of 5 and m?
5
Suppose 4*r + 2 = 5*r + l, -32 = -2*r + 5*l. Let z(g) = 2*g - 6. Let w be z(r). Let i be 79 - 6 - w/2. Calculate the highest common divisor of i and 10.
10
Let t be 4 - (-7 - -3)/2. Suppose 0 = v - 2*l + t, l + 3*l = -v + 18. Calculate the highest common factor of 6 and v.
2
Let l(g) = -3*g - 9. Let v be l(-6). Let k = v + -3. Suppose 0*d - k = -3*d. Calculate the greatest common divisor of 4 and d.
2
Let w = -9 + -1. Let z be ((-6)/5)/(1/w). Suppose a - 16 = -a. Calculate the highest common divisor of z and a.
4
Let w = 3184 + -2260